factors of 3268674.
2, 3, 20177
List the prime factors of 739639.
47, 15737
What are the prime factors of 237700?
2, 5, 2377
List the prime factors of 624234.
2, 3, 13, 53, 151
List the prime factors of 3472599.
3, 13, 89041
What are the prime factors of 237516?
2, 3, 19793
What are the prime factors of 3360438?
2, 3, 23, 8117
What are the prime factors of 384238?
2, 23, 8353
What are the prime factors of 2462733?
3, 7, 13, 31, 97
List the prime factors of 18801563.
11, 1709233
What are the prime factors of 11083997?
11083997
What are the prime factors of 4371648?
2, 3, 22769
List the prime factors of 308582.
2, 154291
What are the prime factors of 1053353?
7, 37, 83
List the prime factors of 472793.
472793
List the prime factors of 429974.
2, 214987
List the prime factors of 1837736.
2, 229717
What are the prime factors of 150572?
2, 37643
What are the prime factors of 188978?
2, 61, 1549
List the prime factors of 2020269.
3, 43, 15661
List the prime factors of 479138.
2, 11, 29, 751
List the prime factors of 1279810.
2, 5, 7, 47, 389
List the prime factors of 27496840.
2, 5, 7, 14029
List the prime factors of 97031.
11, 8821
What are the prime factors of 7614374?
2, 3807187
List the prime factors of 23347274.
2, 139, 83983
List the prime factors of 1272563.
19, 66977
What are the prime factors of 3076204?
2, 23, 29, 1153
What are the prime factors of 4602445?
5, 29, 31741
List the prime factors of 1256191.
23, 54617
List the prime factors of 262089.
3, 17, 571
What are the prime factors of 15320603?
31, 494213
List the prime factors of 7075605.
3, 5, 23, 20509
What are the prime factors of 13460276?
2, 83, 40543
List the prime factors of 1478423.
1478423
What are the prime factors of 648231?
3, 173, 1249
What are the prime factors of 8301605?
5, 13, 127717
What are the prime factors of 4189427?
11, 23, 29, 571
List the prime factors of 158243.
158243
List the prime factors of 1883257.
1883257
List the prime factors of 3975.
3, 5, 53
What are the prime factors of 11961083?
11961083
What are the prime factors of 7755705?
3, 5, 19, 47, 193
What are the prime factors of 572485?
5, 61, 1877
What are the prime factors of 678469?
11, 37, 1667
List the prime factors of 278459.
278459
List the prime factors of 6559628.
2, 1639907
List the prime factors of 2928673.
11, 443, 601
List the prime factors of 5880536.
2, 735067
What are the prime factors of 38335872?
2, 3, 99833
What are the prime factors of 256962?
2, 3, 113, 379
List the prime factors of 922809.
3, 29, 10607
List the prime factors of 5071608.
2, 3, 70439
What are the prime factors of 1938072?
2, 3, 23, 3511
What are the prime factors of 8718820?
2, 5, 11, 39631
List the prime factors of 992912.
2, 62057
What are the prime factors of 1157847?
3, 107, 3607
What are the prime factors of 126493?
126493
List the prime factors of 131289.
3, 107, 409
List the prime factors of 2768893.
2768893
List the prime factors of 86922.
2, 3, 11, 439
What are the prime factors of 1106638?
2, 13, 31, 1373
List the prime factors of 606433.
606433
List the prime factors of 287119.
7, 41017
List the prime factors of 321869.
53, 6073
List the prime factors of 10551861.
3, 1172429
List the prime factors of 423431.
423431
What are the prime factors of 6393448?
2, 23, 34747
List the prime factors of 838176.
2, 3, 8731
What are the prime factors of 2101272?
2, 3, 87553
What are the prime factors of 306218?
2, 11, 31, 449
List the prime factors of 949031.
19, 199, 251
List the prime factors of 138148.
2, 34537
What are the prime factors of 1032537?
3, 11, 67, 467
What are the prime factors of 22547610?
2, 3, 5, 17, 14737
List the prime factors of 350274.
2, 3, 58379
List the prime factors of 17047192.
2, 17, 163, 769
What are the prime factors of 5112193?
5112193
List the prime factors of 376906.
2, 199, 947
List the prime factors of 151337.
151337
What are the prime factors of 388158?
2, 3, 64693
What are the prime factors of 83984?
2, 29, 181
What are the prime factors of 42416851?
1069, 39679
List the prime factors of 573870.
2, 3, 5, 11, 37, 47
List the prime factors of 3841066.
2, 1920533
List the prime factors of 11003775.
3, 5, 23, 6379
What are the prime factors of 1185633?
3, 103, 1279
What are the prime factors of 36761315?
5, 71, 103553
List the prime factors of 1641727.
37, 44371
List the prime factors of 14158209.
3, 13, 89, 4079
What are the prime factors of 19891?
19891
List the prime factors of 747060.
2, 3, 5, 12451
List the prime factors of 721791.
3, 7, 19, 67
What are the prime factors of 23342857?
409, 57073
List the prime factors of 3469154.
2, 13, 29, 43, 107
List the prime factors of 2035975.
5, 81439
List the prime factors of 59165.
5, 11833
What are the prime factors of 1310428?
2, 7, 17, 2753
What are the prime factors of 4400648?
2, 7, 78583
What are the prime factors of 2143493?
11, 194863
What are the prime factors of 20950893?
3, 71, 3643
What are the prime factors of 2153380?
2, 5, 67, 1607
List the prime factors of 526799.
7, 13, 827
What are the prime factors of 2356850?
2, 5, 47137
List the prime factors of 1903435.
5, 199, 1913
What are the prime factors of 439046?
2, 219523
What are the prime factors of 1716593?
19, 167, 541
What are the prime factors of 4023807?
3, 173, 7753
List the prime factors of 3903938.
2, 41, 47609
What are the prime factors of 2740137?
3, 59, 113, 137
List the prime factors of 1150629.
3, 83, 4621
What are the prime factors of 503912?
2, 62989
List the prime factors of 857882.
2, 37, 11593
List the prime factors of 1028683.
1028683
What are the prime factors of 15252546?
2, 3, 2542091
List the prime factors of 1689416.
2, 211177
List the prime factors of 1777676.
2, 311, 1429
What are the prime factors of 466857?
3, 17291
List the prime factors of 16968132.
2, 3, 29, 16253
What are the prime factors of 1697272?
2, 53, 4003
What are the prime factors of 180339?
3, 47, 1279
What are the prime factors of 25826658?
2, 3, 11, 13, 31, 971
List the prime factors of 3843981.
3, 193, 2213
What are the prime factors of 6094609?
23, 41, 281
What are the prime factors of 168089?
168089
List the prime factors of 26484628.
2, 59, 112223
What are the prime factors of 238217?
7, 34031
What are the prime factors of 281963?
11, 25633
What are the prime factors of 94418?
2, 17, 2777
List the prime factors of 7910330.
2, 5, 29, 27277
What are the prime factors of 352264?
2, 11, 4003
What are the prime factors of 6737702?
2, 3368851
What are the prime factors of 3763861?
3763861
What are the prime factors of 854479?
854479
What are the prime factors of 2774327?
2774327
List the prime factors of 342591.
3, 114197
What are the prime factors of 20705861?
11, 31, 41, 1481
List the prime factors of 134738.
2, 67369
List the prime factors of 713245.
5, 13, 10973
List the prime factors of 346544.
2, 11, 179
List the prime factors of 8202683.
8202683
What are the prime factors of 3433324?
2, 61, 14071
List the prime factors of 2019197.
107, 113, 167
List the prime factors of 7446192.
2, 3, 13, 11933
What are the prime factors of 196685?
5, 139, 283
List the prime factors of 1471534.
2, 73, 10079
What are the prime factors of 770708?
2, 192677
What are the prime factors of 3373633?
17, 191, 1039
What are the prime factors of 9887677?
23, 429899
List the prime factors of 656021.
59, 11119
List the prime factors of 134048.
2, 59, 71
List the prime factors of 688530.
2, 3, 5, 59, 389
List the prime factors of 1689081.
3, 19, 29633
What are the prime factors of 3821945?
5, 19, 40231
What are the prime factors of 2319217?
29, 79973
What are the prime factors of 22781882?
2, 11390941
What are the prime factors of 1070659?
1070659
List the prime factors of 6869937.
3, 2289979
List the prime factors of 23400491.
179, 130729
What are the prime factors of 15087?
3, 47, 107
What are the prime factors of 4216857?
3, 193, 7283
List the prime factors of 426589.
67, 6367
What are the prime factors of 4939828?
2, 83, 14879
List the prime factors of 277008.
2, 3, 29, 199
What are the prime factors of 1266705?
3, 5, 11, 853
What are the prime factors of 2917723?
2917723
List the prime factors of 282749.
433, 653
What are the prime factors of 7655126?
2, 3827563
What are the prime factors of 749315